{"id":1,"date":"2020-11-30T08:55:30","date_gmt":"2020-11-30T08:55:30","guid":{"rendered":"http:\/\/prototipo.avblv.com\/?p=1"},"modified":"2021-02-17T17:50:07","modified_gmt":"2021-02-17T17:50:07","slug":"contacto","status":"publish","type":"page","link":"https:\/\/prototipo.avblv.com\/index.php\/contacto\/","title":{"rendered":"Contacto"},"content":{"rendered":"\n<p><strong><span class=\"has-inline-color has-vivid-cyan-blue-color\">BLV, edici\u00f3n y gesti\u00f3n audiovisual<\/span><\/strong><\/p>\n\n\n\n<p>Plaza de Jos\u00e9 Moreno Villa N\u00ba2, 1\u00ba C. Edificio Business Plaza.                       (Plaza de Espa\u00f1a). 28008. Madrid. Espa\u00f1a.<br>Tel\u00e9fono \/ phone (centralita): +34 917 697 481 fax +34 91 050 16 57\u00a0\u00a0 \u00a0<br><a href=\"http:\/\/www.avblv.com\" data-type=\"URL\" data-id=\"http:\/\/www.avblv.com\">https:\/\/www.avblv.com<\/a> \u00a0\u00a0<br><a href=\"mailto:info@avblv.com\">info@avblv.com<\/a>\u00a0   documentacion@avblv.com    produccion@avblv.com\u00a0<br><a href=\"https:\/\/www.youtube.com\/channel\/UCrATskx87u6ixlyhUkGPmgw\" data-type=\"URL\">Youtube: BLV info\u00a0<\/a><\/p>\n\n\n\n<div class=\"wp-block-image\"><figure class=\"aligncenter size-large\"><img loading=\"lazy\" width=\"1024\" height=\"576\" src=\"http:\/\/prototipo.avblv.com\/wp-content\/uploads\/2020\/12\/Azul-rojo-verde-nieve-experimental-1024x576.jpg\" alt=\"\" class=\"wp-image-29\" srcset=\"https:\/\/prototipo.avblv.com\/wp-content\/uploads\/2020\/12\/Azul-rojo-verde-nieve-experimental-1024x576.jpg 1024w, https:\/\/prototipo.avblv.com\/wp-content\/uploads\/2020\/12\/Azul-rojo-verde-nieve-experimental-300x169.jpg 300w, https:\/\/prototipo.avblv.com\/wp-content\/uploads\/2020\/12\/Azul-rojo-verde-nieve-experimental-768x432.jpg 768w, https:\/\/prototipo.avblv.com\/wp-content\/uploads\/2020\/12\/Azul-rojo-verde-nieve-experimental-1536x864.jpg 1536w, https:\/\/prototipo.avblv.com\/wp-content\/uploads\/2020\/12\/Azul-rojo-verde-nieve-experimental.jpg 1920w\" sizes=\"(max-width: 1024px) 100vw, 1024px\" \/><\/figure><\/div>\n","protected":false},"excerpt":{"rendered":"<p>BLV, edici\u00f3n y gesti\u00f3n audiovisual Plaza de Jos\u00e9 Moreno Villa N\u00ba2, 1\u00ba C. Edificio Business Plaza. (Plaza de Espa\u00f1a). 28008. Madrid. Espa\u00f1a.Tel\u00e9fono \/ phone (centralita): +34 917 697 481 fax +34 91 050 16 57\u00a0\u00a0 \u00a0https:\/\/www.avblv.com \u00a0\u00a0info@avblv.com\u00a0 documentacion@avblv.com produccion@avblv.com\u00a0Youtube: BLV info\u00a0<\/p>\n","protected":false},"author":1,"featured_media":0,"parent":0,"menu_order":0,"comment_status":"closed","ping_status":"closed","template":"","meta":[],"_links":{"self":[{"href":"https:\/\/prototipo.avblv.com\/index.php\/wp-json\/wp\/v2\/pages\/1"}],"collection":[{"href":"https:\/\/prototipo.avblv.com\/index.php\/wp-json\/wp\/v2\/pages"}],"about":[{"href":"https:\/\/prototipo.avblv.com\/index.php\/wp-json\/wp\/v2\/types\/page"}],"author":[{"embeddable":true,"href":"https:\/\/prototipo.avblv.com\/index.php\/wp-json\/wp\/v2\/users\/1"}],"replies":[{"embeddable":true,"href":"https:\/\/prototipo.avblv.com\/index.php\/wp-json\/wp\/v2\/comments?post=1"}],"version-history":[{"count":14,"href":"https:\/\/prototipo.avblv.com\/index.php\/wp-json\/wp\/v2\/pages\/1\/revisions"}],"predecessor-version":[{"id":395,"href":"https:\/\/prototipo.avblv.com\/index.php\/wp-json\/wp\/v2\/pages\/1\/revisions\/395"}],"wp:attachment":[{"href":"https:\/\/prototipo.avblv.com\/index.php\/wp-json\/wp\/v2\/media?parent=1"}],"curies":[{"name":"wp","href":"https:\/\/api.w.org\/{rel}","templated":true}]}}